) to base 2.
-1010001
What is -11 (base 14) in base 15?
-10
What is 1010 (base 2) in base 13?
a
120 (base 3) to base 13
12
-191 (base 11) to base 10
-221
Convert -42 (base 5) to base 12.
-1a
Convert -10001 (base 2) to base 3.
-122
What is -117 (base 9) in base 3?
-10121
5 (base 7) to base 5
10
What is -1 (base 6) in base 3?
-1
Convert 1 (base 13) to base 12.
1
5d (base 14) to base 6
215
What is -5 (base 11) in base 3?
-12
What is -10 (base 11) in base 12?
-b
-4 (base 11) to base 8
-4
Convert 4 (base 14) to base 12.
4
Convert 20 (base 9) to base 8.
22
210 (base 5) to base 6
131
Convert 41 (base 8) to base 4.
201
What is -6 (base 13) in base 12?
-6
Convert -32 (base 7) to base 5.
-43
Convert 2 (base 13) to base 2.
10
2 (base 8) to base 5
2
What is -6 (base 11) in base 10?
-6
Convert -9 (base 16) to base 8.
-11
-14 (base 13) to base 3
-122
Convert -1110 (base 3) to base 8.
-47
Convert -11010001 (base 2) to base 8.
-321
What is -107 (base 9) in base 13?
-6a
What is 8 (base 9) in base 15?
8
Convert 12 (base 14) to base 6.
24
Convert 5 (base 6) to base 5.
10
5 (base 16) to base 7
5
Convert 47 (base 8) to base 12.
33
What is -16b (base 12) in base 16?
-e3
-20 (base 9) to base 3
-200
What is -100000 (base 2) in base 3?
-1012
What is 11 (base 5) in base 15?
6
Convert -6 (base 9) to base 10.
-6
-335 (base 10) to base 4
-11033
What is -1 (base 9) in base 16?
-1
10010111 (base 2) to base 13
b8
Convert 1c (base 16) to base 7.
40
41 (base 5) to base 14
17
Convert 4 (base 5) to base 11.
4
What is -10111 (base 2) in base 14?
-19
What is -10010 (base 2) in base 12?
-16
Convert -101011 (base 2) to base 16.
-2b
Convert -431 (base 8) to base 3.
-101102
What is 39 (base 13) in base 2?
110000
Convert 0 (base 3) to base 13.
0
-1001100 (base 2) to base 13
-5b
161 (base 10) to base 5
1121
-1 (base 5) to base 10
-1
What is 90 (base 10) in base 16?
5a
What is 101 (base 2) in base 15?
5
What is -102 (base 3) in base 13?
-b
Convert 9 (base 10) to base 7.
12
What is 0 (base 6) in base 12?
0
-101011 (base 2) to base 5
-133
Convert -22 (base 13) to base 11.
-26
What is 0 (base 6) in base 11?
0
What is -50 (base 7) in base 5?
-120
-334 (base 6) to base 12
-aa
What is 53 (base 7) in base 8?
46
Convert -16 (base 13) to base 15.
-14
-34 (base 12) to base 7
-55
Convert -11 (base 2) to base 14.
-3
What is 13 (base 4) in base 3?
21
Convert 145 (base 13) to base 3.
22101
Convert -2d (base 15) to base 8.
-53
Convert -a (base 15) to base 2.
-1010
Convert -101 (base 2) to base 5.
-10
3 (base 10) to base 7
3
1010 (base 2) to base 16
a
-5 (base 16) to base 5
-10
What is -1010010 (base 2) in base 14?
-5c
Convert -10 (base 4) to base 9.
-4
Convert -1 (base 4) to base 9.
-1
What is -2 (base 5) in base 6?
-2
What is -21 (base 5) in base 12?
-b
-ad (base 14) to base 15
-a3
Convert -11 (base 8) to base 2.
-1001
e8 (base 15) to base 3
22002
Convert -4 (base 15) to base 6.
-4
What is -114 (base 6) in base 15?
-31
Convert -82 (base 14) to base 12.
-96
What is -c (base 14) in base 5?
-22
Convert -29 (base 15) to base 4.
-213
What is 0 (base 12) in base 14?
0
What is 6e (base 16) in base 10?
110
-10 (base 8) to base 12
-8
-176 (base 15) to base 14
-1a0
What is 2 (base 10) in base 9?
2
What is -101 (base 2) in base 13?
-5
What is -1 (base 16) in base 3?
-1
3 (base 16) to base 15
3
Convert 20 (base 3) to base 13.
6
Convert 14 (base 8) to base 15.
c
Convert 321 (base 10) to base 9.
386
What is -32 (base 4) in base 11?
-13
-2 (base 7) to base 13
-2
11a (base 14) to base 3
22011
What is b (base 14) in base 6?
15
What is -1 (base 16) in base 4?
-1
What is -29 (base 15) in base 2?
-100111
Convert -8c (base 13) to base 15.
-7b
-4b (base 13) to base 10
-63
3 (base 7) to base 12
3
What is 14 (base 12) in base 7?
22
20 (base 8) to base 14
12
-55 (base 14) to base 5
-300
What is 16 (base 10) in base 3?
121
11110 (base 2) to base 11
28
What is -7 (base 13) in base 10?
-7
84 (base 10) to base 11
77
What is 1c (base 15) in base 5?
102
Convert b4 (base 16) to base 13.
10b
-42 (base 5) to base 6
-34
What is 21 (base 16) in base 2?
100001
What is -10 (base 13) in base 10?
-13
Convert -4 (base 15) to base 6.
-4
Convert -11 (base 2) to base 15.
-3
Convert -6 (base 7) to base 13.
-6
What is 2c (base 14) in base 4?
220
Convert 2 (base 8) to base 10.
2
0 (base 13) to base 8
0
Convert 40 (base 8) to base 5.
112
Convert 64 (base 13) to base 14.
5c
Convert -13 (base 16) to base 3.
-201
Convert -29 (base 15) to base 11.
-36
What is -8 (base 14) in base 8?
-10
-2011 (base 3) to base 13
-46
Convert 1 (base 3) to base 2.
1
3 (base 6) to base 13
3
-111 (base 7) to base 5
-212
240 (base 5) to base 2
1000110
111 (base 3) to base 9
14
Convert 1 (base 12) to base 14.
1
110 (base 2) to base 11
6
Convert a0 (base 13) to base 14.
94
Convert 15 (base 8) to base 7.
16
3 (base 15) to base 9
3
Convert 6 (base 11) to base 6.
10
Convert 16 (base 7) to base 15.
d
Convert 110 (base 3) to base 13.
c
Convert 3 (base 16) to base 4.
3
Convert 6 (base 11) to base 5.
11
What is 1 (base 13) in base 8?
1
What is -1101 (base 2) in base 5?
-23
What is 57 (base 12) in base 13?
52
What is -8 (base 11) in base 13?
-8
What is -3 (base 16) in base 4?
-3
What is 0 (base 7) in base 10?
0
-72 (base 15) to base 10
-107
-a (base 14) to base 5
-20
0 (base 11) to base 13
0
Convert -3 (base 7) to base 9.
-3
Convert 2 (base 8) to base 4.
2
-4 (base 14) to base 16
-4
What is -111111 (base 2) in base 7?
-120
1010 (base 6) to base 4
3132
What is 2 (base 10) in base 5?
2
20 (base 9) to base 4
102
-2 (base 7) to base 6
-2
-8 (base 16) to base 9
-8
What is -19 (base 14) in base 13?
-1a
Convert -3 (base 8) to base 12.
-3
Convert 0 (base 9) to base 7.
0
146 (base 8) to base 9
123
Convert 5 (base 10) to base 6.
5
Convert -430 (base 9) to base 12.
-253
What is -12 (base 3) in base 5?
-10
What is -158 (base 13) in base 5?
-1432
What is -265 (base 10) in base 11?
-221
What is 4 (base 11) in base 3?
11
83 (base 11) to base 5
331
2 (base 8) to base 10
2
Convert 3 (base 4) to base 6.
3
Convert -112 (base 9) to base 2.
-1011100
Convert -114 (base 10) to base 8.
-162
Convert 0 (base 4) to base 14.
0
Convert 11 (base 5) to base 9.
6
What is -6 (base 13) in base 11?
-6
-2 (base 9) to base 2
-10
What is -13 (base 8) in base 2?
-1011
13 (base 7) to base 14
a
What is -ba (base 13) in base 10?
-153
Convert -10001 (base 2) to base 5.
-32
What is 77 (base 9) in base 8?
106
What is 2 (base 4) in base 9?
2
What is 50 (base 10) in base 12?
42
What is -110 (base 2) in base 9?
-6
Convert 19b (base 15) to base 9.
452
6 (base 7) to base 14
6
1a (base 13) to base 2
10111
3 (base 11) to base 7
3
What is 1101011 (base 2) in base 12?
8b
-34 (base 9) to base 5
-111
2 (base 10) to base 6
2
Convert -1 (base 5) to base 15.
-1
What is -10 (base 5) in base 11?
-5
Convert 11 (base 4) to base 10.
5
What is -10 (base 7) in base 5?
-12
What is -2 (base 7) in base 16?
-2
-21 (base 10) to base 2
-10101
-7 (base 10) to base 3
-21
What is 2 (base 6) in base 9?
2
Convert -13 (base 14) to base 7.
-23
What is -40 (base 10) in base 5?
-130
Convert -3 (base 14) to base 7.
-3
What is -306 (base 7) in base 16?
-99
13 (base 16) to base 10
19
-9 (base 10) to base 12
-9
Convert 22 (base 5) to base 10.
12
16 (base 9) to base 7
21
Convert 101 (base 3) to base 9.
11
101 (base 2) to base 3
12
652 (base 8) to base 6
1550
-46 (base 15) to base 3
-2110
13 (base 14) to base 13
14
What is 2 (base 12) in base 7?
2
121 (base 7) to base 11
59
Convert 28 (base 11) to base 4.
132
What is 30 (base 10) in base 2?
11110
11 (base 3) to base 16
4
Convert -a (base 11) to base 10.
-10
Convert 41 (base 5) to base 15.
16
Convert 11 (base 4) to base 10.
5
Convert -101 (base 12) to base 6.
-401
-5 (base 10) to base 15
-5
Convert -e (base 15) to base 12.
-12
What is -56 (base 8) in base 13?
-37
Convert 0 (base 5) to base 11.
0
What is -45 (base 8) in base 10?
-37
Convert -117 (base 15) to base 2.
-11110111
11111011 (base 2) to base 13
164
What is 2 (base 10) in base 2?
10
What is 33 (base 15) in base 7?
66
-17 (base 16) to base 9
-25
Convert -4b (base 14) to base 9.
-74
-4 (base 16) to base 8
-4
What is -21 (base 3) in base 10?
-7
Convert 2 (base 3) to base 12.
2
Convert -3 (base 8) to base 3.
-10
Convert -110 (base 2) to base 13.
-6
Convert 11 (